2. Is w a composite number?
False
Suppose -4*f = -f. Let v(p) = 8*p - 785. Let b(a) = -10*a + 784. Let k(j) = -2*b(j) - 3*v(j). Is k(f) a prime number?
True
Let r = -526 - 2601. Is (r + 9)/1*(1 - 2) composite?
True
Suppose 681232 = 24*a - 2681432. Is a a composite number?
False
Suppose 2*b - 4*b = -6. Suppose -4*w - 20 = -p, -p - 5 - 3 = b*w. Suppose -2*h - 2 - p = 0, -278 = -q - 5*h. Is q prime?
True
Let b(z) = 50*z**2 + 21*z - 110*z**2 - 20*z - 200*z**2. Let t be b(-1). Let p = t - -654. Is p a prime number?
False
Let g(f) = -3*f - 63. Let p be g(-22). Suppose -12565 = -p*i - 2*i. Is i prime?
False
Let y be -3 + (-6)/(1 + (-21)/12). Suppose y*l - 1182 = -4*m, 5*l + 5*m - 2*m = 1184. Suppose -2*s + l = -270. Is s a composite number?
True
Let m(d) = 89*d**2 + 1839*d + 45. Is m(-23) prime?
False
Let w be 6/(-8)*(2 + -6). Suppose -w*p + 18141 = 3*y, -y + 24192 = 3*y + 2*p. Is y a prime number?
False
Let n = -110 - -41. Suppose -2*j + 2*o = 458, 7*o = 2*j + 2*o + 473. Let t = n - j. Is t a prime number?
False
Let a = 95891 + -67882. Is a composite?
True
Let j be 36 + -30 + (-3633 - -1). Is ((-2)/(-4))/1 - j/4 prime?
True
Suppose 4*y = -b + 12117, 0 = -4*b + 14 + 6. Suppose 980 + y = -4*u. Let p = u + 1889. Is p a composite number?
False
Suppose p - 706815 = -5*k - 102392, 5*p = 4*k + 3021941. Is p prime?
False
Let p = 7866 + -5333. Let j = 4182 - p. Is j a composite number?
True
Is 1358/(-388) + (-3610)/(-4) a prime number?
False
Let v(t) = -237*t - 6. Let b be v(-2). Let q = b - -329. Is q prime?
True
Suppose -152*i - 12520 = -156*i. Suppose -3*l + n + i + 1261 = 0, -4*l + 5*n = -5840. Is l composite?
True
Let c(l) = -l**3 + 3*l**2 + 6*l - 17. Let n = -5 - -7. Suppose -5*z + 14 = 5*j + 54, n*j + 4*z + 18 = 0. Is c(j) a composite number?
False
Let w = 730125 - 115751. Is w a composite number?
True
Suppose 10 + 10 = 4*y. Suppose -4*z - y*z + 18 = 0. Suppose -99 = -2*u + 8*o - 3*o, o - 69 = -z*u. Is u a composite number?
False
Suppose 4*p - 172 = 2*n + 3*n, n - 4*p + 44 = 0. Let x = n + 34. Suppose x*r + 2*j = -r + 1376, -3*r + 5*j = -1369. Is r prime?
False
Suppose -5 = -4*j - 5*q, 8*j = 3*j + 5*q - 5. Is (5/(-10) + j)*-2402 prime?
True
Let x(k) = 2*k**3 - 3*k**2 - 30*k - 5. Let r(p) = -7*p - 114. Let z be r(-18). Is x(z) a prime number?
True
Suppose -i = 5*l - 388555, 4*i + 114150 = 2*l - 41272. Is l a prime number?
True
Suppose -2*s = -d - 4*d - 117896, 0 = 2*s - 4*d - 117902. Is s a prime number?
True
Let g be ((-302)/(-5))/((-7)/(-210)). Suppose -17*x = -15106 + g. Suppose 0 = -7*h + 737 + x. Is h composite?
True
Let x = -20 - -29. Suppose 4*z = x*z - 6905. Suppose 2*i - i + 5*k = z, k = 4. Is i a prime number?
True
Suppose 4*p - 38707 - 6021 = 0. Suppose 4*y = -2*h + 5*h + 44713, -y + p = 3*h. Is y a prime number?
False
Let x(f) = 571*f - 3. Let i be x(-1). Let k = -596 + 311. Let u = k - i. Is u prime?
False
Suppose 0 = 4*v + 1 - 17, i - 7833 = 2*v. Is i a composite number?
False
Let i(l) = 355*l - 2731. Is i(44) a composite number?
False
Suppose 2*l - 3*i = 30925, 8*i = -3*l + 3*i + 46397. Let z = l + -8841. Is z a prime number?
False
Let n be (2 + 0)*20/8. Suppose n*a = 2*v + 8655, -5*v + 5224 = a + 2*a. Is a a prime number?
True
Suppose 7*z - 608 = 23*z. Is z*((-1071)/6 - -5) a prime number?
False
Let v = 7407 - 5050. Let t(w) = -w**2 + 6*w - 1. Let i be t(4). Suppose i*a - 8*a + v = 0. Is a a composite number?
False
Let q = -16490 + 6837. Let c = -5472 - q. Is c a composite number?
True
Let h(w) = -w + 7. Let n(x) = x**2 - 6*x - 7. Let d be n(6). Let z be h(d). Suppose z*g - 351 - 391 = 0. Is g a composite number?
False
Suppose 3*c + v = c + 35844, 5*c = v + 89617. Suppose 5*w + 2372 = 4*f + c, -w - 4*f = -3091. Let z = w + -1936. Is z a composite number?
False
Let l be (-6)/8 + 897/92. Suppose -11*z + 2001 = -l*z + 5*b, -3*z + 2988 = 3*b. Is z prime?
False
Suppose 4*y = 5*v - 158210, 2*y - 35680 = -5*v + 122560. Suppose v = 2*w + 4*k, 63286 = 21*w - 17*w + 5*k. Is w composite?
True
Let p = -2421 + 153478. Is p composite?
False
Is (5/(15/(-141023)))/(8/(-24)) prime?
True
Let b = -137 + 140. Suppose 5*t = 3*y - 7057 - 14, b*t = 4*y - 9428. Is y prime?
True
Let v(k) = 27*k**2 - 6*k - 37. Let s(h) = -26*h**2 + 5*h + 36. Let d(c) = -6*s(c) - 5*v(c). Let y be d(-14). Let x = y - 2620. Is x composite?
True
Let l = 35714 + 26489. Is l prime?
False
Let t(v) = 2*v**2 - 6*v - 5. Let z(l) = -l**2 - 5*l + 16. Let k be z(-7). Suppose 39 = -2*n - k*n + 3*o, 4*o = -2*n - 14. Is t(n) prime?
True
Let n be 4/44 + (-18566)/(-22). Let i = -353 + n. Is i composite?
False
Let f be (-3)/(-4)*120/18. Suppose 26*o = 25*o + f. Is (2534 - (-2 + o))*1 prime?
True
Suppose -23*j = -20*j - 11031. Suppose -2*o + j = -601. Let c = o + -1352. Is c a composite number?
False
Let v(j) = 2*j**3 - 67*j**2 + 7*j + 29. Is v(45) prime?
True
Suppose 18*v - 10*m = 21*v - 8407, -8447 = -3*v - 2*m. Is v composite?
False
Suppose 0*u - 85929 = -2*u - 5*l, -2*l = 3*u - 128910. Is (-20)/(-15)*u/8 composite?
True
Let t(g) = -g**2 - 33*g + 43. Let z be t(-18). Suppose j = -4*y + 389, 5*j = -8*y + 4*y + 409. Let l = z + y. Is l prime?
True
Let b = 141 - 142. Let v(q) = -1948*q**3 + 3*q**2 - 2. Is v(b) a composite number?
False
Suppose o + 0*o = 207. Suppose 32*d + 2000 = 36*d. Let y = d - o. Is y composite?
False
Let s = 219 + -220. Is s*(7 - 4 - 13784) a prime number?
True
Let a(q) = q + 2. Let o = -34 - -32. Let j be a(o). Suppose j = -2*h - 5*h + 1414. Is h composite?
True
Let h = -232 - -241. Is 12/h*24141/26 composite?
True
Suppose -40620 = -5*j + 20*j. Let o = j + 1327. Is (o - 0)*-1 + 2 composite?
True
Suppose -2*a + 3*s - 2 = -118, 0 = -2*a - 4*s + 88. Suppose t - a = -13. Suppose h - t = 259. Is h composite?
True
Is (-22)/3*((-46)/(-529) - 666686/92) a composite number?
True
Let x(q) = -q - 10. Let r be x(-12). Suppose 671 = p - r*k, 5*k + 2017 = 3*p + 3*k. Is p a prime number?
True
Suppose -3*x + 62912 = 4*i - 55277, -3*x - 2*i + 118181 = 0. Is x a prime number?
False
Let p(g) = g**3 - 39*g**2 - 2*g + 75. Let z be p(39). Is 6602 + 49/(21/z) a prime number?
False
Let f(w) = 2458*w**2 + 6*w - 89. Is f(-9) a composite number?
True
Let f be (-2 - 16/(-12))/(9/27). Is (555 + 0/f)*(-22)/(-66) composite?
True
Let y = 11616 - -11831. Is y a prime number?
True
Let p(q) = q**3 + 4*q**2 + 18*q + 75. Let j be p(-4). Suppose 3*o = k + o - 7023, -j*k = -3*o - 21084. Is k composite?
True
Let l be 6*2 + (-18)/9. Suppose -g + l = 4. Is 2 + 246 - (3 - g) composite?
False
Let j(r) = 1190*r**3 + r**2 + 6*r - 7. Is j(2) a composite number?
True
Suppose 3*j + 2*c - 93179 = 0, -2*j - 3*c + 21754 + 40357 = 0. Is j prime?
True
Let z = -321 + 313. Is ((-26243)/14)/(4/z) a prime number?
False
Suppose -33*z = -319 + 121. Suppose -g + 3*p + 226 = 0, -z*p = -5*g - 8*p + 1045. Is g a prime number?
True
Let l(q) = -6787*q**3 + 2*q**2 + q - 1. Let t be l(-1). Suppose 3*g + 2*g + 5*i = 6790, 5*g + 4*i = t. Is g prime?
False
Let m(t) = 29*t - 70. Let b be m(11). Suppose 0 = -236*i + b*i - 209131. Is i a composite number?
False
Suppose 19*u = 24*u - 56380. Suppose 6*d - u = 2*d. Is d composite?
False
Suppose 2*p = u - 831, 5*p - 6*p + 3306 = 4*u. Suppose 67*y - 68*y = -u. Suppose -l + y = 3*n, 2*n - 3*n - l + 279 = 0. Is n a prime number?
False
Let n = 54 - 54. Let a be (n - -2*5) + 2. Suppose -a*o - 344 = -16*o. Is o a composite number?
True
Let f(q) = -q**3 - 9*q**2 + 10*q - 4. Let u be f(-10). Is ((-73)/4 - 6)/(1/u) prime?
True
Suppose 0 = -10*j + 15356 - 1386. Let n = -766 + j. Is n prime?
True
Let l be 6/9 - (-31)/3. Suppose 0 = -19*n - 129 - 802. Is l + -7 - n/1 composite?
False
Suppose 0 = 2*m + 2*n - 90468, 137*m - 136*m = 3*n + 45230. Is m a composite number?
False
Let i(t) = t**3 - 11*t**2 - 12*t + 5. Suppose 0 = -7*w + 17 + 11. Suppose -w*s + 10 = -2*s - 4*g, 4*g = -3*s + 55. Is i(s) prime?
False
Suppose 33*z + 28*z = 53*z + 273976. Is z a prime number?
False
Let o(u) be the second derivative of -19*u**5/20 - u**4/6 - 3*u**3/2 + 3*u**2/2 - 63*u. Is o(-4) a prime number?
True
Let g be ((-3)/(-2) - 2)*(-56 + 58). Is ((-579180)/7)/(-6) + (-4 - g) prime?
False
Let a(c) = 3999*c + 23. Let g be a(6). Suppose g + 4727 = 8*z. Is z a composite number?
False
Suppose -5*g + 527295 = 5*j, -4*j - 30*g + 421830 =